-12)). Let g be -3 - (-3 + z - 0). Is (-3005)/(-4) - g/(-8) a composite number?
False
Suppose 0 = x - 9 - 52. Let a = x - 144. Let u = a + 122. Is u a prime number?
False
Let n(f) = 807*f - 40. Let b(a) = -538*a + 27. Let t(h) = -7*b(h) - 5*n(h). Is t(-4) composite?
False
Suppose 0*b + 4*b - 4*q = 54376, -5*q + 13576 = b. Is b prime?
True
Let p(t) = 630*t**2 + t + 2. Let y(m) = m**2 + m. Let w(o) = p(o) - 2*y(o). Is w(1) composite?
True
Let u(j) = 4*j + 109. Let b be -4 - (-4 + 1 - -1). Let y(g) = -g**2 - 3*g - 2. Let z be y(b). Is u(z) a prime number?
True
Let p be 4/(-32) - (-15)/(-8). Let a = p - -4. Suppose -a*o - 4*o = -1302. Is o composite?
True
Suppose -4*z + 5*z - 2*n - 2575 = 0, -3*n = z - 2585. Is z a prime number?
True
Let q(i) = 4*i + 14. Let b = -7 - -3. Let z be q(b). Is 4082/(-65)*5/z a composite number?
False
Suppose -67*y - 63848 = -1796937. Is y composite?
False
Is 4*(-4)/(-16) - (-35312)/2 a composite number?
False
Suppose 6*p = 3*p + l + 45098, 0 = -p + l + 15036. Is p prime?
True
Is (2 - 0)*(-3)/((-18)/26646) a prime number?
False
Let p(f) = -f + 20. Let u be p(0). Suppose -v - 5*n = 4*v - u, 2*v - 9 = -3*n. Suppose -2*q = -3*g - 239, -q + 106 = -v*g + 6*g. Is q a prime number?
False
Let i be (2 - 1/(-1)) + -24. Let q be (-2577)/i - 4/(-14). Suppose -q = -h + k, -3*h = 2*k - 4*k - 373. Is h prime?
True
Let l(x) = x**3 + 6*x**2 + 15*x - 19. Is l(30) a prime number?
True
Is 110444*(-2)/24*-3 composite?
False
Suppose 10 = 5*h, 6*m - 2 = 4*m + 3*h. Let t(p) = -p**3 - 10*p**2 + 2*p - 3. Let d(v) = -5*v**3 - 41*v**2 + 8*v - 12. Let l(f) = 2*d(f) - 9*t(f). Is l(m) prime?
True
Let h(c) = 4*c**2 + 9*c - 14. Let i(x) = -5*x**2 - 10*x + 13. Let l(t) = -6*h(t) - 5*i(t). Is l(14) a composite number?
True
Suppose 30*x - 44*x + 83342 = 0. Is x composite?
False
Let h = 24 - 19. Suppose 0 = 2*n + 1 - h. Suppose b + 370 = 5*b - n*j, 3*j = -b + 82. Is b a prime number?
False
Let k = 40144 - 27573. Is k composite?
True
Suppose 5*p + 180 = 10*p. Suppose p = -8*d + 6*d. Is (-9020)/d + 1/(-9) a composite number?
True
Suppose 59*b - 31*b = 268156. Is b a prime number?
False
Let z(q) be the first derivative of -q**3/3 + q**2/2 + 247*q + 24. Is z(0) composite?
True
Let m(g) = 2*g - 10. Suppose 4*c = z - 11 + 35, 12 = 4*c - 4*z. Let y be m(c). Suppose 3*i - 606 = 3*j, 2*i - 337 = y*j + 65. Is i a prime number?
False
Is 6 + ((-1707606)/(-6))/3 composite?
False
Suppose 5*u - f = 4538, 0*f + 1817 = 2*u - f. Is u composite?
False
Suppose -4*o - 4 = 0, 0*n = 5*n - 5*o - 170. Suppose n*l + 633 = 36*l. Is l a prime number?
True
Is 3/(-9)*3*-149 a prime number?
True
Let r be (-92)/(-12) - 1/(-3). Let t = 10 - r. Suppose -2*y + t*k + 178 = 0, 0 = k - 5*k. Is y composite?
False
Let n = 9904 + -5487. Is n a prime number?
False
Let o(h) = h - 2. Let x be o(5). Let z be -2*x/6*-4. Let t(j) = 2*j**3 - 3*j**2 + j + 5. Is t(z) a composite number?
False
Is ((-4)/(-8) - 1)/((-11)/73722) a composite number?
True
Let y = 2525 - 1359. Suppose -5*w + y = -4*w. Is w/(-4)*(-3 - -1) prime?
False
Is (-2)/4*((3 - 4750) + 5) composite?
False
Let i = -6129 + 11174. Is i a composite number?
True
Suppose -4*b + b = -6. Suppose -2*d - 1378 = -4*p, -b*p - 171 = -5*d - 848. Is p prime?
False
Is (2/9 - (-1088)/288) + 195 prime?
True
Let i = 4123 + 2326. Is i a prime number?
True
Suppose -4*x = -5*l + 521 + 214, -3*l = -x - 434. Let m = l + -25. Suppose p - 3*p = -m. Is p a composite number?
False
Suppose 0 = j - 2*j. Suppose -4*t = -7 - 1, j = 3*u + 5*t - 136. Suppose p - u = -11. Is p prime?
True
Let h(u) = -5*u + 2 + 1 + 3*u**2 - 2*u**2 - 2*u**2. Let a be h(-6). Is (67/a)/(5/(-30)) a composite number?
True
Let j(y) = 2*y + 15. Let d be j(-5). Suppose -3*i - 6012 = -o - 2*i, 0 = -d*o - 4*i + 30033. Is o a composite number?
True
Suppose -2*m + 7*m = -3*v + 95, 0 = 2*m - v - 27. Suppose 0*u = -4*u + m. Suppose -u*a - 16 = -356. Is a composite?
True
Is 219810/(-45)*3/(-2) a prime number?
False
Let w = -31286 + 65427. Is w a prime number?
True
Suppose -2*l = 2*l - 20. Let b = l - 3. Suppose b*w - 69 = -w. Is w a composite number?
False
Let q = -301 + 82. Let r = q + 1256. Is r a prime number?
False
Let l = -15 - -24. Let d(m) be the third derivative of 11*m**4/8 + 5*m**3/3 + 62*m**2. Is d(l) composite?
False
Let h(g) = 2*g**3 - 16*g**2 + 24*g + 4. Let u(v) = -v**3 + 15*v**2 - 23*v - 3. Let t(z) = 2*h(z) + 3*u(z). Is t(-14) a prime number?
True
Suppose 0 = 2*p + 4*h + 1912, h + 3 = 8. Let c be p/(-26) - (-4)/(-26). Suppose w - 82 = -2*v + c, 0 = 4*v - 5*w - 217. Is v prime?
False
Suppose 0 = -4*p + 10 + 30. Suppose p*w = 231 + 10199. Is w a composite number?
True
Suppose 4*u = 20, -3 = 5*p + u - 28. Let z(a) = a**2 - 9*a + 3. Let d be z(9). Suppose -3*t = -2*t - p*k - 219, 672 = d*t + 3*k. Is t a prime number?
True
Suppose 4*i + j + 16 = 0, i - 2*i + j - 9 = 0. Let d(h) = 6*h - 5. Let m be d(i). Is (-2278)/(-14) + (-10)/m composite?
False
Let h = -1 - -6. Suppose -i + h = o, 2*o = 3 - 1. Suppose i*f = 376 + 676. Is f a prime number?
True
Suppose 21 = -89*i + 86*i. Let a(w) be the third derivative of w**6/120 + 3*w**5/20 - w**4/4 + 3*w**3/2 + 3*w**2. Is a(i) a composite number?
False
Suppose 51*h - 128*h = -1644797. Is h a prime number?
False
Suppose 5*w = 0, 0*w = -r - 2*w + 2857. Let g = r - -990. Is g composite?
False
Let l(t) = -t**3 - t**2 - 3*t + 3. Let w be l(0). Is 1/(w + 368/(-123)) a composite number?
True
Let a = 47 + -41. Let r be (-12)/(0 + -3) + 0. Suppose -4*y = -y + a, -1234 = -r*q + 3*y. Is q prime?
True
Let f(a) = 38*a**3 + 3*a**2 + 4*a + 5. Let b be f(5). Suppose -11*p + p = -b. Is p composite?
True
Let y be 28*(2 - 5/2). Let t be 0 - -4 - y/(-7). Is (29/4)/(t/24) prime?
False
Let j(y) = 98*y**2 - 159. Is j(11) composite?
False
Suppose -y = 4*c - 16, -7 - 8 = -3*y - c. Let x be ((-17)/2)/(y/(-720)). Let t = x + -1079. Is t a composite number?
True
Let a(s) = 949*s**2 - 48*s + 6. Is a(-4) prime?
False
Let w be (4 - 3)*(3 - -719). Suppose -3*h + 5*d + w = -383, 2*h + 5*d = 720. Is h a composite number?
True
Is 5*-3*(4 + (-73015)/51) composite?
True
Suppose 6 = -5*z + 51. Is (3 - (-3 + z)) + 892 composite?
True
Let k(p) = -5*p**3 - p**2 + 5*p - 9. Let z be k(3). Let s = z - -425. Is s prime?
False
Let h(w) = -65*w - 10 + 19 - 3 - 10. Let o be h(-5). Suppose 2*f + 2*t = 367 + o, 5*t = 4*f - 1331. Is f a composite number?
True
Suppose -42 = -3*u + 3*f + 177, -5*f - 288 = -4*u. Is u a prime number?
False
Let l(o) be the first derivative of o**4/4 - 8*o**3/3 - 13*o**2/2 - o + 1. Suppose -6 + 26 = 2*h. Is l(h) composite?
True
Suppose 3*a - 497 - 6241 = 0. Is a a prime number?
False
Suppose 10229 = 3*b + 3500. Is b composite?
False
Let h(k) = 2*k + 1249. Let s be 27/72 - 6/16. Is h(s) a prime number?
True
Suppose -y - 10 = -2*d, y = 5*y + 5*d - 25. Suppose 3*f + 1145 = 4*t, y = 4*t + f + f - 1150. Is t a prime number?
False
Suppose 2*d - 23904 = -950. Is d a composite number?
True
Let k(w) = 105*w - 10. Let x be k(-8). Let z be (-2)/(-4) + x/(-20). Let j = -10 + z. Is j prime?
False
Let t(h) = 33*h**2 + 16*h + 44. Is t(-5) a composite number?
True
Let k = 207 + 588. Suppose -k + 6657 = 6*b. Is b a composite number?
False
Let w = -1932 - -2845. Suppose -141 = -2*t + w. Is t a composite number?
True
Suppose 26499 = 16*d - 204557. Is d a composite number?
True
Let w = 1650 + 7. Is w a composite number?
False
Suppose -14357 = -2*p + 3*v, -6*p + 4*p - 3*v = -14351. Is p a prime number?
True
Let s(v) = 4*v - 5. Let u be s(-5). Let w = u + 57. Let y = w + 3. Is y a prime number?
False
Let b be 4 - (-4 + 3 - -3). Let w(l) be the first derivative of 43*l**2/2 + 3*l - 2. Is w(b) a prime number?
True
Let z(q) = 2*q - q + 16*q - 12. Let c be z(10). Suppose -212 - c = -5*j. Is j composite?
True
Suppose -4*i = 2*p - 20, -2*i = -5*i + 5*p - 11. Let f(o) = o**2 - 3*o + 4. Let c be f(i). Suppose 5*y = -4*b + 787 - 0, -4*y = c*b - 792. Is b a prime number?
False
Let w = 6 + -3. Suppose -333 = -3*p - 3*q, -2*p - w*p + 537 = -4*q. Is p prime?
True
Let s = -96948 + 155531. Is s prime?
False
Suppose 0 = -4*i - 4, 2*w + 3*i - 9345 = 18018. Is w a composite number?
True
Let s(j) = -2*j**2 + 10*j - 10. Let x be s(7). Let b = -37 - x. Is (b - -32)/((-3)/(-7)) a prime number?
False
Suppose 12 = 3*v -